05 is divided by 29.
25
What is the remainder when 72 is divided by 4?
0
What is the remainder when 233 is divided by 149?
84
Calculate the remainder when 319 is divided by 47.
37
Calculate the remainder when 1649 is divided by 55.
54
What is the remainder when 284 is divided by 18?
14
Calculate the remainder when 10583 is divided by 42.
41
Calculate the remainder when 392 is divided by 88.
40
What is the remainder when 3381 is divided by 24?
21
Calculate the remainder when 998 is divided by 13.
10
What is the remainder when 727 is divided by 56?
55
What is the remainder when 881 is divided by 231?
188
What is the remainder when 290 is divided by 21?
17
Calculate the remainder when 57 is divided by 57.
0
Calculate the remainder when 59 is divided by 19.
2
What is the remainder when 814 is divided by 21?
16
What is the remainder when 2979 is divided by 7?
4
Calculate the remainder when 2264 is divided by 22.
20
What is the remainder when 1241 is divided by 23?
22
Calculate the remainder when 370 is divided by 180.
10
Calculate the remainder when 697 is divided by 19.
13
Calculate the remainder when 2576 is divided by 257.
6
What is the remainder when 93 is divided by 12?
9
What is the remainder when 104 is divided by 36?
32
What is the remainder when 489 is divided by 157?
18
Calculate the remainder when 366 is divided by 76.
62
Calculate the remainder when 98 is divided by 40.
18
What is the remainder when 65 is divided by 43?
22
Calculate the remainder when 2242 is divided by 34.
32
Calculate the remainder when 2935 is divided by 39.
10
Calculate the remainder when 134 is divided by 11.
2
Calculate the remainder when 52 is divided by 10.
2
Calculate the remainder when 62 is divided by 18.
8
What is the remainder when 157 is divided by 68?
21
Calculate the remainder when 2467 is divided by 818.
13
What is the remainder when 378 is divided by 76?
74
What is the remainder when 2674 is divided by 658?
42
What is the remainder when 139 is divided by 41?
16
What is the remainder when 4049 is divided by 78?
71
What is the remainder when 1347 is divided by 446?
9
Calculate the remainder when 282 is divided by 18.
12
Calculate the remainder when 1233 is divided by 18.
9
Calculate the remainder when 138 is divided by 47.
44
What is the remainder when 953 is divided by 5?
3
What is the remainder when 425 is divided by 107?
104
Calculate the remainder when 827 is divided by 4.
3
Calculate the remainder when 98 is divided by 23.
6
What is the remainder when 205 is divided by 37?
20
What is the remainder when 201 is divided by 58?
27
Calculate the remainder when 2282 is divided by 18.
14
Calculate the remainder when 99 is divided by 35.
29
Calculate the remainder when 3308 is divided by 12.
8
Calculate the remainder when 1451 is divided by 66.
65
Calculate the remainder when 6924 is divided by 2296.
36
Calculate the remainder when 2344 is divided by 102.
100
Calculate the remainder when 201 is divided by 34.
31
What is the remainder when 1565 is divided by 27?
26
Calculate the remainder when 912 is divided by 902.
10
What is the remainder when 55 is divided by 28?
27
What is the remainder when 3327 is divided by 17?
12
Calculate the remainder when 1572 is divided by 29.
6
What is the remainder when 202 is divided by 51?
49
Calculate the remainder when 178 is divided by 23.
17
Calculate the remainder when 459 is divided by 98.
67
Calculate the remainder when 2806 is divided by 27.
25
Calculate the remainder when 12697 is divided by 249.
247
What is the remainder when 1004 is divided by 201?
200
What is the remainder when 184 is divided by 39?
28
Calculate the remainder when 200 is divided by 52.
44
What is the remainder when 272 is divided by 11?
8
What is the remainder when 388 is divided by 99?
91
Calculate the remainder when 297 is divided by 15.
12
Calculate the remainder when 115 is divided by 8.
3
Calculate the remainder when 139 is divided by 47.
45
Calculate the remainder when 617 is divided by 23.
19
Calculate the remainder when 105 is divided by 4.
1
What is the remainder when 512 is divided by 6?
2
Calculate the remainder when 454 is divided by 55.
14
What is the remainder when 560 is divided by 33?
32
What is the remainder when 1781 is divided by 99?
98
Calculate the remainder when 266 is divided by 91.
84
What is the remainder when 713 is divided by 103?
95
What is the remainder when 923 is divided by 11?
10
What is the remainder when 31 is divided by 2?
1
Calculate the remainder when 796 is divided by 91.
68
Calculate the remainder when 698 is divided by 41.
1
Calculate the remainder when 20 is divided by 7.
6
Calculate the remainder when 120 is divided by 7.
1
Calculate the remainder when 263 is divided by 85.
8
Calculate the remainder when 377 is divided by 21.
20
What is the remainder when 623 is divided by 16?
15
Calculate the remainder when 695 is divided by 54.
47
What is the remainder when 1975 is divided by 393?
10
What is the remainder when 51 is divided by 48?
3
Calculate the remainder when 310 is divided by 117.
76
What is the remainder when 233 is divided by 78?
77
Calculate the remainder when 285 is divided by 72.
69
Calculate the remainder when 3007 is divided by 86.
83
What is the remainder when 1747 is divided by 872?
3
What is the remainder when 486 is divided by 56?
38
What is the remainder when 66 is divided by 23?
20
What is the remainder when 600 is divided by 53?
17
What is the remainder when 193 is divided by 28?
25
What is the remainder when 83 is divided by 22?
17
Calculate the remainder when 423 is divided by 72.
63
What is the remainder when 554 is divided by 108?
14
Calculate the remainder when 2521 is divided by 94.
77
Calculate the remainder when 2985 is divided by 47.
24
What is the remainder when 121 is divided by 61?
60
What is the remainder when 933 is divided by 309?
6
What is the remainder when 2488 is divided by 33?
13
Calculate the remainder when 2556 is divided by 849.
9
Calculate the remainder when 34 is divided by 14.
6
Calculate the remainder when 332 is divided by 16.
12
What is the remainder when 346 is divided by 27?
22
What is the remainder when 317 is divided by 38?
13
Calculate the remainder when 416 is divided by 214.
202
What is the remainder when 3886 is divided by 11?
3
Calculate the remainder when 101 is divided by 23.
9
What is the remainder when 440 is divided by 250?
190
What is the remainder when 2900 is divided by 22?
18
What is the remainder when 427 is divided by 39?
37
Calculate the remainder when 63 is divided by 8.
7
What is the remainder when 19615 is divided by 34?
31
Calculate the remainder when 424 is divided by 17.
16
What is the remainder when 85 is divided by 67?
18
Calculate the remainder when 7478 is divided by 55.
53
What is the remainder when 214 is divided by 18?
16
What is the remainder when 140 is divided by 76?
64
Calculate the remainder when 505 is divided by 379.
126
Calculate the remainder when 8 is divided by 3.
2
Calculate the remainder when 37 is divided by 19.
18
Calculate the remainder when 1678 is divided by 140.
138
What is the remainder when 602 is divided by 19?
13
What is the remainder when 151 is divided by 34?
15
What is the remainder when 15 is divided by 8?
7
Calculate the remainder when 34259 is divided by 30.
29
What is the remainder when 572 is divided by 65?
52
What is the remainder when 457 is divided by 113?
5
What is the remainder when 247 is divided by 245?
2
Calculate the remainder when 932 is divided by 117.
113
Calculate the remainder when 646 is divided by 36.
34
What is the remainder when 436 is divided by 90?
76
What is the remainder when 634 is divided by 543?
91
Calculate the remainder when 114 is divided by 26.
10
Calculate the remainder when 48 is divided by 6.
0
Calculate the remainder when 232 is divided by 59.
55
Calculate the remainder when 1994 is divided by 133.
132
Calculate the remainder when 45 is divided by 7.
3
Calculate the remainder when 1517 is divided by 53.
33
Calculate the remainder when 32 is divided by 9.
5
Calculate the remainder when 96 is divided by 10.
6
Calculate the remainder when 24533 is divided by 141.
140
Calculate the remainder when 2046 is divided by 225.
21
Calculate the remainder when 2408 is di